{"id":573,"date":"2024-10-07T15:45:45","date_gmt":"2024-10-07T13:45:45","guid":{"rendered":"https:\/\/nv-aalborg.dk\/?page_id=573"},"modified":"2025-01-23T11:33:36","modified_gmt":"2025-01-23T10:33:36","slug":"mandagstilbud-boern-og-unge","status":"publish","type":"page","link":"https:\/\/nv-aalborg.dk\/index.php\/mandagstilbud-boern-og-unge\/","title":{"rendered":"Mandagstilbud B\u00f8rn og unge omr\u00e5det"},"content":{"rendered":"\t\t<div data-elementor-type=\"wp-page\" data-elementor-id=\"573\" class=\"elementor elementor-573\" data-elementor-post-type=\"page\">\n\t\t\t\t<div class=\"elementor-element elementor-element-0488aef e-con-full e-flex e-con e-parent\" data-id=\"0488aef\" data-element_type=\"container\" data-settings=\"{&quot;background_background&quot;:&quot;classic&quot;}\">\n\t\t<div class=\"elementor-element elementor-element-aa3a11c e-con-full e-flex e-con e-child\" data-id=\"aa3a11c\" data-element_type=\"container\">\n\t\t\t\t<div class=\"elementor-element elementor-element-3ebed72 elementor-widget elementor-widget-heading\" data-id=\"3ebed72\" data-element_type=\"widget\" data-widget_type=\"heading.default\">\n\t\t\t\t<div class=\"elementor-widget-container\">\n\t\t\t\t\t<h1 class=\"elementor-heading-title elementor-size-default\">Mandagstilbud<\/h1>\t\t\t\t<\/div>\n\t\t\t\t<\/div>\n\t\t<div class=\"elementor-element elementor-element-aa4b847 e-con-full e-flex e-con e-child\" data-id=\"aa4b847\" data-element_type=\"container\">\n\t\t\t\t<div class=\"elementor-element elementor-element-3c95dd5 elementor-invisible elementor-widget elementor-widget-button\" data-id=\"3c95dd5\" data-element_type=\"widget\" data-settings=\"{&quot;_animation&quot;:&quot;fadeInUp&quot;,&quot;_animation_delay&quot;:500}\" data-widget_type=\"button.default\">\n\t\t\t\t<div class=\"elementor-widget-container\">\n\t\t\t\t\t\t\t\t\t<div class=\"elementor-button-wrapper\">\n\t\t\t\t\t<a class=\"elementor-button elementor-button-link elementor-size-sm elementor-animation-shrink\" href=\"https:\/\/nv-aalborg.dk\/index.php\/kontakt\/\">\n\t\t\t\t\t\t<span class=\"elementor-button-content-wrapper\">\n\t\t\t\t\t\t\t\t\t<span class=\"elementor-button-text\">Kontakt os<\/span>\n\t\t\t\t\t<\/span>\n\t\t\t\t\t<\/a>\n\t\t\t\t<\/div>\n\t\t\t\t\t\t\t\t<\/div>\n\t\t\t\t<\/div>\n\t\t\t\t<\/div>\n\t\t\t\t<\/div>\n\t\t<div class=\"elementor-element elementor-element-8e3fb63 e-con-full e-flex e-con e-child\" data-id=\"8e3fb63\" data-element_type=\"container\" data-settings=\"{&quot;background_background&quot;:&quot;classic&quot;,&quot;animation_mobile&quot;:&quot;fadeInUp&quot;,&quot;background_motion_fx_motion_fx_scrolling&quot;:&quot;yes&quot;,&quot;background_motion_fx_translateY_effect&quot;:&quot;yes&quot;,&quot;background_motion_fx_translateY_speed&quot;:{&quot;unit&quot;:&quot;px&quot;,&quot;size&quot;:4,&quot;sizes&quot;:[]},&quot;background_motion_fx_translateY_affectedRange&quot;:{&quot;unit&quot;:&quot;%&quot;,&quot;size&quot;:&quot;&quot;,&quot;sizes&quot;:{&quot;start&quot;:0,&quot;end&quot;:100}},&quot;background_motion_fx_devices&quot;:[&quot;widescreen&quot;,&quot;desktop&quot;,&quot;laptop&quot;,&quot;tablet_extra&quot;,&quot;tablet&quot;,&quot;mobile&quot;]}\">\n\t\t\t\t<\/div>\n\t\t\t\t<\/div>\n\t\t<div class=\"elementor-element elementor-element-5bb7ca7 animated-slow e-flex e-con-boxed elementor-invisible e-con e-parent\" data-id=\"5bb7ca7\" data-element_type=\"container\" data-settings=\"{&quot;animation&quot;:&quot;fadeInUp&quot;,&quot;animation_delay&quot;:600}\">\n\t\t\t\t\t<div class=\"e-con-inner\">\n\t\t<div class=\"elementor-element elementor-element-809de4b e-con-full e-flex e-con e-child\" data-id=\"809de4b\" data-element_type=\"container\">\n\t\t\t\t<div class=\"elementor-element elementor-element-8214a6b elementor-widget elementor-widget-image\" data-id=\"8214a6b\" data-element_type=\"widget\" data-widget_type=\"image.default\">\n\t\t\t\t<div class=\"elementor-widget-container\">\n\t\t\t\t\t\t\t\t\t\t\t\t\t\t\t<img fetchpriority=\"high\" decoding=\"async\" width=\"800\" height=\"534\" src=\"https:\/\/nv-aalborg.dk\/wp-content\/uploads\/2024\/10\/ludmila-pashkevych-Iyk_qwyFVwE-unsplash-1024x683.jpg\" class=\"attachment-large size-large wp-image-1108\" alt=\"\" srcset=\"https:\/\/nv-aalborg.dk\/wp-content\/uploads\/2024\/10\/ludmila-pashkevych-Iyk_qwyFVwE-unsplash-1024x683.jpg 1024w, https:\/\/nv-aalborg.dk\/wp-content\/uploads\/2024\/10\/ludmila-pashkevych-Iyk_qwyFVwE-unsplash-300x200.jpg 300w, https:\/\/nv-aalborg.dk\/wp-content\/uploads\/2024\/10\/ludmila-pashkevych-Iyk_qwyFVwE-unsplash-768x512.jpg 768w, https:\/\/nv-aalborg.dk\/wp-content\/uploads\/2024\/10\/ludmila-pashkevych-Iyk_qwyFVwE-unsplash.jpg 1500w\" sizes=\"(max-width: 800px) 100vw, 800px\" \/>\t\t\t\t\t\t\t\t\t\t\t\t\t\t\t<\/div>\n\t\t\t\t<\/div>\n\t\t\t\t<\/div>\n\t\t<div class=\"elementor-element elementor-element-c1766b8 e-con-full e-flex e-con e-child\" data-id=\"c1766b8\" data-element_type=\"container\">\n\t\t\t\t<div class=\"elementor-element elementor-element-a5b941c elementor-widget elementor-widget-heading\" data-id=\"a5b941c\" data-element_type=\"widget\" data-widget_type=\"heading.default\">\n\t\t\t\t<div class=\"elementor-widget-container\">\n\t\t\t\t\t<h3 class=\"elementor-heading-title elementor-size-default\">NETV\u00c6RKET tilbyder et v\u00e6rested beliggende i hjertet af Aalborg. <\/h3>\t\t\t\t<\/div>\n\t\t\t\t<\/div>\n\t\t\t\t<div class=\"elementor-element elementor-element-26f5748 elementor-widget elementor-widget-text-editor\" data-id=\"26f5748\" data-element_type=\"widget\" data-widget_type=\"text-editor.default\">\n\t\t\t\t<div class=\"elementor-widget-container\">\n\t\t\t\t\t\t\t\t\t<p>Vores v\u00e6rested har \u00e5bent hver mandag med f\u00e6llesspisning, og derudover har vi \u00e5bent efter aftale. Form\u00e5let med v\u00e6restedet p\u00e5 NETV\u00c6RKET er at skabe et trygt og inkluderende milj\u00f8, hvor unge mennesker kan m\u00f8des og deltage i forskellige sociale aktiviteter. Vores v\u00e6rested fungerer som et frirum, hvor unge har mulighed for at udvikle og styrke deres sociale f\u00e6rdigheder samt opbygge meningsfulde relationer til andre unge og til det professionelle personale.<\/p>\t\t\t\t\t\t\t\t<\/div>\n\t\t\t\t<\/div>\n\t\t\t\t<div class=\"elementor-element elementor-element-8c5ca21 elementor-invisible elementor-widget elementor-widget-button\" data-id=\"8c5ca21\" data-element_type=\"widget\" data-settings=\"{&quot;_animation&quot;:&quot;fadeInUp&quot;,&quot;_animation_delay&quot;:500}\" data-widget_type=\"button.default\">\n\t\t\t\t<div class=\"elementor-widget-container\">\n\t\t\t\t\t\t\t\t\t<div class=\"elementor-button-wrapper\">\n\t\t\t\t\t<a class=\"elementor-button elementor-size-sm elementor-animation-shrink\" role=\"button\">\n\t\t\t\t\t\t<span class=\"elementor-button-content-wrapper\">\n\t\t\t\t\t\t\t\t\t<span class=\"elementor-button-text\">Ring til aftale<\/span>\n\t\t\t\t\t<\/span>\n\t\t\t\t\t<\/a>\n\t\t\t\t<\/div>\n\t\t\t\t\t\t\t\t<\/div>\n\t\t\t\t<\/div>\n\t\t\t\t<\/div>\n\t\t\t\t\t<\/div>\n\t\t\t\t<\/div>\n\t\t<div class=\"elementor-element elementor-element-8802024 e-flex e-con-boxed elementor-invisible e-con e-parent\" data-id=\"8802024\" data-element_type=\"container\" data-settings=\"{&quot;animation&quot;:&quot;fadeInUp&quot;,&quot;background_background&quot;:&quot;classic&quot;}\">\n\t\t\t\t\t<div class=\"e-con-inner\">\n\t\t<div class=\"elementor-element elementor-element-02552dd e-con-full e-flex e-con e-child\" data-id=\"02552dd\" data-element_type=\"container\">\n\t\t\t\t<div class=\"elementor-element elementor-element-e73d36d elementor-widget elementor-widget-image\" data-id=\"e73d36d\" data-element_type=\"widget\" data-widget_type=\"image.default\">\n\t\t\t\t<div class=\"elementor-widget-container\">\n\t\t\t\t\t\t\t\t\t\t\t\t\t\t\t<img decoding=\"async\" width=\"800\" height=\"534\" src=\"https:\/\/nv-aalborg.dk\/wp-content\/uploads\/2024\/12\/young-couple-playing-chess-at-cafe-backyard-2024-10-18-05-08-56-utc-1024x683.jpg\" class=\"attachment-large size-large wp-image-1453\" alt=\"\" srcset=\"https:\/\/nv-aalborg.dk\/wp-content\/uploads\/2024\/12\/young-couple-playing-chess-at-cafe-backyard-2024-10-18-05-08-56-utc-1024x683.jpg 1024w, https:\/\/nv-aalborg.dk\/wp-content\/uploads\/2024\/12\/young-couple-playing-chess-at-cafe-backyard-2024-10-18-05-08-56-utc-300x200.jpg 300w, https:\/\/nv-aalborg.dk\/wp-content\/uploads\/2024\/12\/young-couple-playing-chess-at-cafe-backyard-2024-10-18-05-08-56-utc-768x512.jpg 768w, https:\/\/nv-aalborg.dk\/wp-content\/uploads\/2024\/12\/young-couple-playing-chess-at-cafe-backyard-2024-10-18-05-08-56-utc.jpg 1368w\" sizes=\"(max-width: 800px) 100vw, 800px\" \/>\t\t\t\t\t\t\t\t\t\t\t\t\t\t\t<\/div>\n\t\t\t\t<\/div>\n\t\t\t\t<\/div>\n\t\t<div class=\"elementor-element elementor-element-d2d44e6 e-con-full e-flex e-con e-child\" data-id=\"d2d44e6\" data-element_type=\"container\">\n\t\t\t\t<div class=\"elementor-element elementor-element-9b880d5 elementor-widget elementor-widget-heading\" data-id=\"9b880d5\" data-element_type=\"widget\" data-widget_type=\"heading.default\">\n\t\t\t\t<div class=\"elementor-widget-container\">\n\t\t\t\t\t<h3 class=\"elementor-heading-title elementor-size-default\">Et Trygt Rum for Unge: NETV\u00c6RKETS Mission<\/h3>\t\t\t\t<\/div>\n\t\t\t\t<\/div>\n\t\t\t\t<div class=\"elementor-element elementor-element-4c47c00 elementor-widget elementor-widget-text-editor\" data-id=\"4c47c00\" data-element_type=\"widget\" data-widget_type=\"text-editor.default\">\n\t\t\t\t<div class=\"elementor-widget-container\">\n\t\t\t\t\t\t\t\t\t<p>Gennem sociale aktiviteter s\u00e5som f\u00e6llesspisning, f\u00f8dselsdagsfejringer og andre arrangementer tilbyder v\u00e6restedet en platform, hvor unge kan f\u00f8le sig v\u00e6rdsatte og inkluderede. Form\u00e5let er ogs\u00e5 at skabe et trygt rum, hvor unge kan udtrykke sig frit, dele oplevelser og f\u00e5 st\u00f8tte og vejledning ved behov. NETV\u00c6RKET \u00f8nsker at bidrage til at fremme trivsel, samh\u00f8righed og personlig udvikling blandt de unge, der benytter sig af tilbuddet<\/p>\t\t\t\t\t\t\t\t<\/div>\n\t\t\t\t<\/div>\n\t\t\t\t<div class=\"elementor-element elementor-element-cbca13d elementor-invisible elementor-widget elementor-widget-button\" data-id=\"cbca13d\" data-element_type=\"widget\" data-settings=\"{&quot;_animation&quot;:&quot;fadeInUp&quot;,&quot;_animation_delay&quot;:500}\" data-widget_type=\"button.default\">\n\t\t\t\t<div class=\"elementor-widget-container\">\n\t\t\t\t\t\t\t\t\t<div class=\"elementor-button-wrapper\">\n\t\t\t\t\t<a class=\"elementor-button elementor-size-sm elementor-animation-shrink\" role=\"button\">\n\t\t\t\t\t\t<span class=\"elementor-button-content-wrapper\">\n\t\t\t\t\t\t\t\t\t<span class=\"elementor-button-text\">Klik here<\/span>\n\t\t\t\t\t<\/span>\n\t\t\t\t\t<\/a>\n\t\t\t\t<\/div>\n\t\t\t\t\t\t\t\t<\/div>\n\t\t\t\t<\/div>\n\t\t\t\t<\/div>\n\t\t\t\t\t<\/div>\n\t\t\t\t<\/div>\n\t\t\t\t<\/div>\n\t\t","protected":false},"excerpt":{"rendered":"<p>Mandagstilbud Kontakt os NETV\u00c6RKET tilbyder et v\u00e6rested beliggende i hjertet af Aalborg. Vores v\u00e6rested har \u00e5bent hver mandag med f\u00e6llesspisning, og derudover har vi \u00e5bent efter aftale. Form\u00e5let med v\u00e6restedet p\u00e5 NETV\u00c6RKET er at skabe et trygt og inkluderende milj\u00f8, hvor unge mennesker kan m\u00f8des og deltage i forskellige sociale aktiviteter. Vores v\u00e6rested fungerer som [&hellip;]<\/p>\n","protected":false},"author":2,"featured_media":0,"parent":0,"menu_order":0,"comment_status":"closed","ping_status":"closed","template":"","meta":{"_acf_changed":false,"footnotes":""},"class_list":["post-573","page","type-page","status-publish","hentry"],"acf":[],"_links":{"self":[{"href":"https:\/\/nv-aalborg.dk\/index.php\/wp-json\/wp\/v2\/pages\/573","targetHints":{"allow":["GET"]}}],"collection":[{"href":"https:\/\/nv-aalborg.dk\/index.php\/wp-json\/wp\/v2\/pages"}],"about":[{"href":"https:\/\/nv-aalborg.dk\/index.php\/wp-json\/wp\/v2\/types\/page"}],"author":[{"embeddable":true,"href":"https:\/\/nv-aalborg.dk\/index.php\/wp-json\/wp\/v2\/users\/2"}],"replies":[{"embeddable":true,"href":"https:\/\/nv-aalborg.dk\/index.php\/wp-json\/wp\/v2\/comments?post=573"}],"version-history":[{"count":11,"href":"https:\/\/nv-aalborg.dk\/index.php\/wp-json\/wp\/v2\/pages\/573\/revisions"}],"predecessor-version":[{"id":2390,"href":"https:\/\/nv-aalborg.dk\/index.php\/wp-json\/wp\/v2\/pages\/573\/revisions\/2390"}],"wp:attachment":[{"href":"https:\/\/nv-aalborg.dk\/index.php\/wp-json\/wp\/v2\/media?parent=573"}],"curies":[{"name":"wp","href":"https:\/\/api.w.org\/{rel}","templated":true}]}}